emainder when j(5) is divided by 71.
68
Let c = 44518 + -44429. Let a = -540 + 802. Calculate the remainder when a is divided by c.
84
Suppose -u - 5*d = 7, -4*u = -4*d - 29 - 15. Calculate the remainder when 15 is divided by 6*(u - (-45)/(-6)).
0
Calculate the remainder when 756/(16 + -13) - -13 is divided by 7.
6
Let b(h) = h**3 - 12*h**2 + 7*h - 3. Calculate the remainder when ((-90)/180)/(((-15)/(-1452))/(-5)) is divided by b(12).
80
Let z(p) = -p**3 + 19*p**2 - 20*p. Let y be z(7). Let l = 451 - y. Calculate the remainder when l is divided by 2.
1
Let q(x) = 5*x - 30. Let k be q(11). Let z = k + -17. Suppose 165 = -z*g + 13*g. What is the remainder when 130 is divided by g?
31
Let s be (-16)/((-16)/(-4)) + -6 + 4. Let l be 315/12 + 3/4. What is the remainder when (-3)/s - l/(-2) is divided by 4?
2
Suppose s + 4*s = -240. Let b(r) = -26*r + 222. Let u be b(8). Let q = u - s. Calculate the remainder when q is divided by 16.
14
Let h be (-7 - -9)*2 - 1*4. Suppose 86 = 5*c + 5*t - 74, h = 5*t. What is the remainder when 155 is divided by c?
27
Let u = -4729 + 4738. What is the remainder when 1768 is divided by u?
4
Suppose 2*i - 5*z + 537 = 0, -1255 = 5*i - z + 6*z. Let x = -150 - i. Let q = x + -95. Calculate the remainder when 74 is divided by q.
8
Let p = -13516 + 16064. What is the remainder when p is divided by 254?
8
Let g be (9/(-36) - 1)*-28. Calculate the remainder when ((-469)/(-35))/(7/g) is divided by 44.
23
Let w = -149 - 161. Let i = w + 317. Let f = 29 - -4. What is the remainder when f is divided by i?
5
Suppose -t = -1, -12*y - 5*t = -13*y + 8. Suppose 0 = 3*o + 9, -y*x + 12*x = 4*o - 142. What is the remainder when x is divided by 53?
48
Let g = 16 + -13. Suppose -6*m = -g*m - 75. Let x = 48 - 41. What is the remainder when m is divided by x?
4
Suppose 35*p = -116*p + 13*p + 97842. Calculate the remainder when p is divided by 10.
9
Let u(g) = 20*g**2 + 5*g - 2. Calculate the remainder when u(3) is divided by 4 + -19 - (-47 + 4).
25
Let d = 940 + -931. What is the remainder when 52 is divided by (2/((-30)/d))/(14/(-700))?
22
Suppose 0 = 4*h + x + 4*x - 23, -4*x = -5*h - 2. Suppose -k = h*a - 135, -5 = -a - 3. Calculate the remainder when k is divided by 64.
3
Let x be (-1)/(-4) + 11/4. Suppose x*i - 3*k = 489, -464 = -6*i + 3*i - 2*k. Suppose -2848 = -369*s + 280*s. What is the remainder when i is divided by s?
30
Suppose 18 = 8*p - 38. Calculate the remainder when (-29)/(145/(-260)) - 4 is divided by p.
6
Let j = -2678 + 2687. Suppose 0 = 17*b - 16*b - 25. Calculate the remainder when b is divided by j.
7
Calculate the remainder when 7/((-168)/(-21696)) - 13 is divided by 229.
204
Suppose 5*r = 4*g - 2944, g + r = 839 - 112. What is the remainder when g is divided by 32?
27
Let i be (-36)/((-5)/((-100)/(-15))). Calculate the remainder when 53 is divided by (-25)/((-200)/i) + -2.
1
Let k = 114 - 114. Suppose -3*q = -8*q - 2*c + 145, 4*q - 3*c - 116 = k. Calculate the remainder when q is divided by 10.
9
Let w = -9201 - -9728. Calculate the remainder when 534 is divided by w.
7
Suppose 39 = -2*b + 49, -2*v + 2*b + 198 = 0. Calculate the remainder when v is divided by 25.
4
Suppose -q - h - 99 = -3*q, -3*q = 3*h - 144. Let p = q - 33. Suppose 50 = 3*o - p. What is the remainder when 61 is divided by o?
17
Let g = 12 - 13. Let t(p) = -16*p - 5. Calculate the remainder when 35 is divided by t(g).
2
Suppose 12*q - 118 = -2*h + 10*q, 0 = -5*h + q + 301. What is the remainder when h is divided by 17?
9
What is the remainder when 288 is divided by (-8 + (-40)/(-6))*-108?
0
Suppose 9*c - 275 = 436. Let d = 92 - c. Calculate the remainder when 128 is divided by d.
11
Suppose -21 = -6*r - 15. Suppose -6*h - r = -337. What is the remainder when 276 is divided by h?
52
Suppose -2*x + 4082 = b, -430*x + 8182 = 2*b - 429*x. What is the remainder when b is divided by 108?
98
Suppose d - 63596 = -5*m, 5*d + 28 - 33 = 0. Calculate the remainder when m is divided by 24.
23
Let h(b) = -6*b**2 - 119*b - 171. Calculate the remainder when 124 is divided by h(-18).
16
Suppose 60 = -4*o + c, 23 = -o - 3*c - 5. Let d be 2380/294 + 8/(-84). Let z = d - o. What is the remainder when z is divided by 6?
0
Suppose -31*q = 2*k - 30*q - 77, 0 = 3*k + 5*q - 147. Let d = 16 - 9. Calculate the remainder when k is divided by d.
6
Let h(r) = -6*r**2 - 26*r + 9. Let i(j) = -20*j**2 - 78*j + 26. Let b(u) = -7*h(u) + 2*i(u). Calculate the remainder when 233 is divided by b(-14).
12
Let d = -1681 + 2693. What is the remainder when d is divided by 324?
40
Let z = -250 + 254. What is the remainder when (z - 16) + 6 - -51 is divided by 21?
3
Let h = 8644 - 8246. What is the remainder when h is divided by 173?
52
Suppose -21*v + 28303 = 62*v. Calculate the remainder when v is divided by 49.
47
Suppose p = -r + 58, -2*r + 102 = -p + 7. Calculate the remainder when 3772 is divided by r.
49
Suppose 36 = -31*k + 27*k, -46 = -4*n + 2*k. Calculate the remainder when 796 is divided by n.
5
Let w = 112 + -109. Suppose -4*o - 4*k + 108 = 0, -w*o + 84 = -3*k - 9. Calculate the remainder when 60 is divided by o.
2
Suppose -22 = 2*r - 80. Suppose 2*j = 0, -3*k + 6 = -0*k - j. Suppose -34 + k = -2*n. Calculate the remainder when r is divided by n.
13
Suppose -2*f - f = -51. What is the remainder when ((-192)/24 + 28)/((-2)/(-4)) is divided by f?
6
Let x be 6/(-9) + 22/6. Let g(b) = -1509*b + 42 - 41 + 1501*b + 15*b**2. What is the remainder when g(x) is divided by 57?
55
Suppose -5*w + 1131 = 2*b + 269, 0 = -5*w + b + 874. What is the remainder when 1032 is divided by w?
162
What is the remainder when 380 is divided by -45*(-4 - 34/(-10))?
2
Let c = 336 + -473. Suppose n - 62 = -255. Let w = c - n. What is the remainder when w is divided by 19?
18
Suppose -2*l = -106 - 28. Let q = 6027 - 6009. What is the remainder when l is divided by q?
13
Let u(g) be the second derivative of 15*g - 1/12*g**4 + 0*g**2 + 3/2*g**3 + 0. Calculate the remainder when 40 is divided by u(7).
12
Let g(m) = -m**2 + 159*m - 508. What is the remainder when g(43) is divided by 11?
3
What is the remainder when 1313 is divided by ((-1)/(-4))/(4/6*(-92)/(-3680))?
8
Calculate the remainder when 201 is divided by 780/(-104)*(-80)/6.
1
Let b = -16833 + 16852. What is the remainder when 1896 is divided by b?
15
Suppose 4*n - 3*i = 27, -3*n + n = -2*i - 14. What is the remainder when 477/6 + 3/n is divided by 12?
8
Suppose -20 = 5*u + 5*l, -4*u - 5*l + 6 = 26. Calculate the remainder when 50 - (4 - ((7 - -1) + u)) is divided by (-2016)/(-98) - 4/7.
14
Let h = -2 + 8. Let d = -581 - -647. Calculate the remainder when d is divided by (-6)/(-9)*h - -10.
10
Suppose 22*k - 54 = 16*k. Suppose -18*x = k - 27. What is the remainder when ((-106)/(-4))/(x/4) is divided by 36?
34
Suppose -3*v - 3*o = -510, -5*v + o - 12 + 856 = 0. Calculate the remainder when 1337 is divided by v.
154
Suppose 0 = -4*p - 2*t + 694, 0 = -3*p + 5*p + 5*t - 359. Let a(q) = 2*q + 1. What is the remainder when p is divided by a(12)?
22
Let v = -2604 + 3962. What is the remainder when v is divided by 170?
168
Suppose -2*k = -2*d, k + 4*k - 21 = -2*d. Suppose -8 = -25*b + 23*b. Suppose b = -d*y + 73. Calculate the remainder when y is divided by 6.
5
Let w(l) = l - 7 - 3*l - 30. Let f = -310 + 290. Calculate the remainder when 17 is divided by w(f).
2
Suppose 0 = 33*u - 30936 + 8760. Calculate the remainder when u is divided by 15.
12
Let f(w) = w**3 - 10*w**2 + 31*w + 6. Let n be f(7). Let o = n - 29. Calculate the remainder when 374 is divided by o.
45
Suppose 19 = x + 3*p, 40*x = 38*x - 5*p + 35. Suppose -3*k + 218 = 44. What is the remainder when k is divided by x?
8
Let h(o) = -o**2 - 2*o + 2. Let a(j) be the second derivative of 7*j**3/6 - 79*j**2/2 + 59*j. Calculate the remainder when a(12) is divided by h(-2).
1
Let m be (-6)/(-54) - (0 + 17/(-9)). Calculate the remainder when (2/m)/((-37)/(-2220)) is divided by 33.
27
Calculate the remainder when (62/(-155))/(1 + 1797/(-1785))*10 is divided by 25.
20
Let v(i) = -4*i - 53. Let n(a) = -9*a - 106. Let s(c) = -2*n(c) + 5*v(c). Let r be s(21). Let u = -55 - r. What is the remainder when 79 is divided by u?
39
Let u be 0/(5 + (-1 - 3) + -5). Let c(h) = -26*h + 371. Calculate the remainder when c(